94 = 0. What are the prime factors of a?
2, 5, 43
Let a(z) = -z**2 - z - 10. Let k be a(0). Let g(o) = o**3 + 11*o**2 + 13*o + 3. Let r be g(k). Let b = -11 - r. What are the prime factors of b?
2
Let r = 2 + 3. Suppose r*i = 0, -100 + 16 = -u - 4*i. Suppose 7*w - 3*w - u = 0. List the prime factors of w.
3, 7
Suppose 2*f + d - 53 = 0, 4*d = 2*f + 6*d - 56. Suppose k = 26 + f. What are the prime factors of k?
3, 17
Suppose 2*f + 2*g + 248 = -290, 281 = -f + 2*g. List the prime factors of f/(-52)*(-56)/(-6).
7
Suppose -3*c + 38 + 334 = 0. Let y = -68 + c. Suppose i + 0 = y. What are the prime factors of i?
2, 7
Let l(c) = -2*c**2 - 10*c + 28. Let y(h) = h**2 + 10*h - 28. Let k(d) = -2*l(d) - 3*y(d). What are the prime factors of k(18)?
2, 43
Let x(a) = -13*a - 6. Let z(o) = 14*o + 6. Let p(g) = -4*x(g) - 5*z(g). List the prime factors of p(-5).
2, 3, 7
Let o(t) = 8*t**3 - 3*t**2 + 3*t - 5. Let j be o(2). Suppose -j*c - 360 = -58*c. What are the prime factors of c?
2, 3
Suppose -209*c = -205*c - 7024. List the prime factors of c.
2, 439
Let a be (1*32)/((-6)/(-3)). Let y = -13 + a. Suppose -y*z = -c + 2*c - 193, -5*z - 5*c = -305. List the prime factors of z.
2, 3, 11
Let g = 771 + -208. What are the prime factors of g?
563
Let q(l) = 27*l - 5*l + 5*l - 1 - 3. Let f be q(3). Suppose -4*p = 3*v - f, 4*p + v - 2*v = 65. What are the prime factors of p?
17
Suppose -7143 = -7*h + 2545. List the prime factors of h.
2, 173
Let o = 262 + -170. Let b = o + -22. List the prime factors of b.
2, 5, 7
Suppose 0 = -4*g + g - 258. Let m = 22 + -74. Let a = m - g. List the prime factors of a.
2, 17
Let a be 4 - (3 + (-104 - -2)). Suppose 11 = i - a. List the prime factors of i.
2, 3, 19
Let x(m) = m**2 + 3*m + 53 - 32*m + 52*m. List the prime factors of x(-21).
11
Suppose -88 = -4*i - 4*t, -124 = -5*i - t + 3*t. Suppose -10*r = -i - 26. What are the prime factors of r?
5
Suppose 37789 = 38*v - 12485. What are the prime factors of v?
3, 7
Let s be ((-178)/(-4)*1)/(7/14). Suppose 0*n + 4*n - 341 = -3*m, 0 = -n + 3*m + s. What are the prime factors of n?
2, 43
Suppose 35*p = 81732 - 11732. What are the prime factors of p?
2, 5
Let i(w) = w**2 + 13*w + 3. Suppose 76 = 10*g + 6. List the prime factors of i(g).
11, 13
Suppose 2*q + 5 = -1. Let g be (-255)/(-3 - q/2). Suppose -g = -2*t - 3*t. List the prime factors of t.
2, 17
Let k be 0 + 2 - 15*(-6)/18. Suppose 392 = -0*w + k*w. List the prime factors of w.
2, 7
Let p(n) = n**2 + 4*n - 9. Let r be p(3). Let x = r - 0. What are the prime factors of x?
2, 3
Let a be (7/(63/(-6)))/(1/3462). What are the prime factors of (a/(-18) - (-6)/(-27))*1?
2
Let o be 14/(-10) - 10/(-25). Let q be o*(1 - (-4)/2). Let b = q + 5. List the prime factors of b.
2
Let v be 2/3 + (-40)/(-30). Let c be 3/(-2) - (-15)/v. What are the prime factors of 156/36 - (-4)/c?
5
Let a = 19 - 14. Suppose -5*w = -a*s - 25, -2*w = s - 0*s - 4. List the prime factors of ((-7)/2)/(w/(-18)).
3, 7
Suppose -5*x = -3*q - 24, q - 12 = -3*x + 4*q. List the prime factors of -68*x*10/(-16).
3, 5, 17
Suppose 3*s = -3*a + 240, -5*s + 3*s + 3*a + 170 = 0. What are the prime factors of s?
2, 41
Suppose 4*r - 3536 = -4*q, -3*r = q - 3666 + 1016. What are the prime factors of r?
883
Suppose 201*n - 196*n - 2155 = 0. List the prime factors of n.
431
Suppose d - 40 = 5*m, -m - 50 = -4*d + 34. Let s be 68/d + (-3)/(-5). Suppose u - 6 = s*p, 5*p - 35 - 16 = -2*u. List the prime factors of u.
2, 3
What are the prime factors of (-1)/3 - 6002*5/(-30)?
2, 5
Let t be (-4)/3*9/2. Let a be -52*(-2 + (-9)/t). Let f = a + 2. List the prime factors of f.
2, 7
Let l = -7 + 19. Let x be (-209)/(-9) - l/54. Suppose -x - 17 = -4*k. What are the prime factors of k?
2, 5
Suppose -w = -236 - 506. What are the prime factors of w?
2, 7, 53
Suppose 5*m - 12 = 4*i, -3*i - 6*m + 2*m + 22 = 0. Suppose i*s = -s + 12. Suppose 2*h - 1 - 21 = 4*x, s*h = -x + 26. What are the prime factors of h?
7
Let a = -1275 + 2337. List the prime factors of a.
2, 3, 59
Let v(m) = -3*m**2 + 5*m - 1. Let f be v(4). Let j = f + 64. What are the prime factors of j?
5, 7
Let v(h) = 7*h**3 - 3*h**2 - 12*h + 10. What are the prime factors of v(6)?
2, 11, 61
List the prime factors of 5 + 66/(-14) + 2568/28.
2, 23
Let u(t) = t + 60*t**2 + 3*t + 0*t + 1 - 7*t**2. Let q be u(-2). Suppose -y + 20 = p - 21, 2*p = 5*y - q. List the prime factors of y.
41
What are the prime factors of (-2)/(2 + -4) - (-2952 + 2)?
13, 227
Let f be -2 + 9/3 + 4. Suppose 300 = 5*i - f*d, d + 75 + 109 = 3*i. What are the prime factors of i?
2, 31
Let d be (-40)/4*(-4)/(-5). Let y(a) = a**3 + 7*a**2 - 6*a + 1. Let h be y(d). Let b(f) = -f**2 - 16*f + 7. List the prime factors of b(h).
2, 11
Suppose -c - c + 504 = 0. Let r = c - 180. List the prime factors of r.
2, 3
Suppose 3*j - 1612 = m - 6*m, 0 = 3*j + 3*m - 1602. What are the prime factors of j?
23
Let f(i) = -i**3 - 13*i**2 + 5*i - 1. Let w be f(-14). Let b = w + 61. What are the prime factors of b?
2, 3, 31
Suppose 2*o + 2*o = 4*r - 324, -4*o - 330 = -2*r. List the prime factors of (-12)/o + (-1854)/(-7).
5, 53
Suppose 2*v - 99 = 2*l + l, 0 = 2*l - 10. Let f = -15 + 18. Suppose 0*i + v = f*i. List the prime factors of i.
19
Let p = -341 - -569. List the prime factors of p.
2, 3, 19
Let j = 5 - 1. Suppose -2*p - j*p + 1464 = 0. What are the prime factors of p?
2, 61
Suppose y + y = -4*h - 80, -y = 4*h + 84. List the prime factors of 6/(-33) + (-1984)/h.
2, 3, 5
Let c be (1 - 8)/(4/12). Let b be (-7)/(c/12) + -2. Suppose 3*j = -b*w + 92, 5*w - 3*j = -0*j + 209. What are the prime factors of w?
43
Let p = 67 - 64. Suppose -5*n = -z - 497, -z = 2*n - p*n + 101. What are the prime factors of n?
3, 11
Let k = 59 + -62. List the prime factors of k + 7 - 32*-2.
2, 17
Let z = -416 + 492. What are the prime factors of z?
2, 19
List the prime factors of (-1456)/(-22) + 4 + (-230)/55.
2, 3, 11
Let t(n) = 2*n**2 - 16*n + 57. Let c = -20 + 35. What are the prime factors of t(c)?
3, 89
Let h(y) = -18*y - 5. Let d be h(-8). Let n = d - -28. Let r = -98 + n. What are the prime factors of r?
3, 23
Suppose 5*t - 9 = 3*n, -4*t + n - 4*n + 18 = 0. Suppose 102 = 2*p - 3*c, -97 = -3*p - t*c + 86. What are the prime factors of p?
3, 19
Let k(o) = 2*o + 8. Let a be k(-7). What are the prime factors of a/(-9)*1*3 - -102?
2, 13
Suppose 0 = 4*g + 4*d - d + 88, d - 88 = 4*g. What are the prime factors of (3/(-10)*g)/((-4)/(-80))?
2, 3, 11
Let d(r) = r**2 + 4*r - 8. Let b be d(-6). Let u be 4/6 - b/(-3). What are the prime factors of 416/20 + u/10?
3, 7
Let c = 1942 + -935. What are the prime factors of c?
19, 53
Let c be 4 + (-5 - -3) + 14. Suppose 0 = o + 4*m - 18, -2*o + m + c = -m. List the prime factors of o.
2, 5
Let b(l) = -l**2 - 14*l - 2. Let u be b(-15). Let d = u - -91. What are the prime factors of d?
2, 37
Let m be 0*(0 - 3)/(-6) - -4. Suppose 10 - 18 = -m*u. List the prime factors of u.
2
Let n be (-3 + (-16)/(-3))/(2/(-6)). Let r(q) = q**3 + 8*q**2 - 4*q + 1. What are the prime factors of r(n)?
2, 3, 13
Suppose 0 = z - 182 - 181. What are the prime factors of z?
3, 11
Let z = 58 + -65. Let i = 54 + z. What are the prime factors of i?
47
Let s(f) = f**3 - 9*f**2 + 10*f - 12. Let h be s(8). Suppose h*o = -6*y + y - 25, o = 4*y + 20. Suppose o*k = 5*k - 260. What are the prime factors of k?
2, 13
Suppose 0 = 2*h + 4*q - 102, -30 + 230 = 5*h - q. List the prime factors of h - (-4)/2 - (-3 + 2).
2, 11
Let m(h) be the second derivative of -7*h**3/2 + 99*h**2/2 - 10*h. Let l(z) = -3*z + 14. Let c(u) = 27*l(u) - 4*m(u). List the prime factors of c(14).
2, 3
Let r(l) = 2*l**2 - 99*l - 235. What are the prime factors of r(69)?
2, 307
Suppose 159 + 10869 = 12*q. List the prime factors of q.
919
Suppose 2*v = 6063 + 373. What are the prime factors of v?
2, 1609
Let z(w) = -w + 13. Let u(f) = 10*f**2 + 2*f + 1. Let l be u(-1). Let o be z(l). Suppose -o = -h + 4. What are the prime factors of h?
2
Let v(f) = -4*f**2 - 3*f - 10. Let a(h) = -h**2 - h - 1. Let r(y) = -5*a(y) + v(y). Let k be r(-4). What are the prime factors of ((-13)/(-2))/(k/6)?
13
Let u be 6/((-5)/(-495)*2). Let o = u - 200. List the prime factors of o.
97
Suppose 8*t = 40*t - 120576. What are the prime factors of t?
2, 3, 157
Let r(f) = -f + 59. L